e (0 - 2) + (8 - 2). Let m = j - 4. Suppose m = -3*g - 12, 57 = 3*b - g + 20. What are the prime factors of b?
11
Let r(t) = -t**3 - 19*t**2 + 18*t + 13. List the prime factors of r(-20).
53
Suppose r - 28 = -2*a - r, -3*a + 54 = -r. List the prime factors of a.
17
Suppose 15 = -5*i - 5*w, 5*i + w + 8 + 19 = 0. Suppose -3*m + t - 1 = 0, 3 = 3*t - 0. Let c = m - i. What are the prime factors of c?
2, 3
Let o(a) = -a**3 - 10*a**2 + 11*a + 2. Let y be o(-11). Suppose 0 = y*p + 2 + 8. List the prime factors of -10*(-3 + (-13)/p).
2
Let c(s) = s**3 + 4*s**2 + 2*s + 2. Let h be c(-3). Suppose -6*v + 14 = x - 3*v, -2*x + 17 = -h*v. What are the prime factors of x?
11
Suppose 8 = 4*s - 4*t, 5 = s + 2*t - 0*t. Suppose 6 = -2*j + s*j. What are the prime factors of j?
2, 3
Suppose -3*g + 11 = 5*a + 31, 2*a = 4*g + 70. Let v be g/(-6) - 2/(-4). What are the prime factors of v/9 - (-29)/3?
2, 5
Let v = 161 + -95. Let o = -44 + 24. What are the prime factors of v/8 + 5/o?
2
Suppose -6*v = 9*v - 2595. What are the prime factors of v?
173
Suppose 3*a + 2*f - f - 333 = 0, -3*f = -a + 121. Suppose -3*h = h - a. Suppose w + h = 5*w. List the prime factors of w.
7
What are the prime factors of 5*5*(-8)/(-100)?
2
Suppose -2*v - 5*p = -29, 3*v + 0*p + 14 = 4*p. List the prime factors of (-2 - -13)*v/2.
11
Let y = -27 + 127. Suppose -2*r + y = 3*r. Let b = r - 9. What are the prime factors of b?
11
Suppose q + 14 = 4*f, -q + 6*q = -f - 7. What are the prime factors of f?
3
Let l(s) = -3*s - 2. List the prime factors of l(-8).
2, 11
What are the prime factors of 3 - 1 - (3 - 8)?
7
Let c(f) = 2*f**2 + 0 - 4 + 2*f - 8*f. What are the prime factors of c(5)?
2
Let c(j) = j + 10. Suppose -b + w = 4*w - 6, -4*w + 8 = b. List the prime factors of c(b).
2, 5
Let m = 28 + -10. Suppose -3*u = -4*b - m, 5*b + 15 = -0*b. Suppose -3*h + 20 = -z, -3*h - u*h = 3*z - 24. What are the prime factors of h?
2, 3
Let x = -1 + 1. Suppose -c + 37 = 4*p, -p = -5*c - 1 - 24. Let w = x + p. List the prime factors of w.
2, 5
Suppose -4*s + 858 = 3*w, 6*s - 284 = -w + 4*s. List the prime factors of w.
2, 5, 29
Let t(c) = -c + 18. Let k be t(0). Let i = -8 + k. What are the prime factors of i?
2, 5
Let a = -36 - -73. What are the prime factors of a?
37
Let b be ((-12)/9)/(1/(-6)). Suppose b*f - 100 = 3*f. What are the prime factors of f?
2, 5
Let d(x) = 5*x + 7. Let r(c) = c - 1. Let s(j) = d(j) + 6*r(j). Let w be s(1). Let a = 4 + w. List the prime factors of a.
2
Let a be 1*33/12*8. Suppose 2*q - a = 2*v, -2*q - 3*v + v = -10. What are the prime factors of q?
2
Suppose 4*j = -c + 8, 0*j + 8 = -4*c + 4*j. Suppose c = 5*q - 2*q. What are the prime factors of -3 - (q/(-1) + -20)?
17
Let u(i) = i**2 - i - 3. Let w = -27 + 22. What are the prime factors of u(w)?
3
Let x(g) = 13*g**2 + 0*g - 12*g**2 - 4 - g. List the prime factors of x(-4).
2
Suppose 2*q - 48 - 8 = 0. List the prime factors of q.
2, 7
Let o be 528/(-14) - (-6)/(-21). Suppose 0 = -5*n - 427 + 157. Let i = o - n. What are the prime factors of i?
2
What are the prime factors of (10/(-4))/(10/20)*-10?
2, 5
Let w = 4 - 2. Suppose 3*q = 2*q + w. Suppose -5 = -q*h + 9. What are the prime factors of h?
7
Suppose 5*k + 2*g = 6*k - 17, -5*k + 5*g = -75. List the prime factors of k.
13
Suppose -2*i - 7*m + 2*m + 135 = 0, -4*i - 2*m + 230 = 0. What are the prime factors of (i/(-44))/((-1)/4)?
5
Suppose -3 = 3*a - 51. Suppose -a = -l - 3*l. Suppose -5*j + o = -3*j - 24, l*o + 8 = 0. List the prime factors of j.
11
Let i = 219 + -25. List the prime factors of i.
2, 97
Let r(a) be the second derivative of a**3/3 - 5*a**2 + a. Suppose d = -5*c + 35, 2*c + 0*c - 5*d - 14 = 0. What are the prime factors of r(c)?
2
Let b(q) = q**2 - 6*q + 5. Let m be b(6). Let n(d) = d + 3. Let r be n(-3). Suppose r = -m*l + 2*l + 12. List the prime factors of l.
2
Suppose 0 = 5*i - 375 + 45. Let u = -46 + i. Let v = 38 - u. What are the prime factors of v?
2, 3
Let i = -2 - -21. Suppose 0 = k + 16 - 14. Let o = k + i. List the prime factors of o.
17
Suppose m - 1 = r, 5*m - 3*r - 3 = -0*r. Suppose -3*t + 34 = 4*s, -2*t + t - 2 = m. What are the prime factors of s?
2, 5
Let y be (-3 + (-3 - -3))*-1. Suppose 21 = 2*l - y*s + 3, -2 = -s. Let z = 33 - l. What are the prime factors of z?
3, 7
List the prime factors of -2*524/32*-4.
131
Let s be (-1 - (-8)/12)*0. Let v(i) = i**2 + 2*i - 4. Let o be v(3). Suppose s*m + m = o. What are the prime factors of m?
11
Let n(o) = o**3 + 9*o**2 + 8*o + 9. Let s(j) be the second derivative of j**4/12 - 3*j**3/2 + 3*j**2 - 2*j. Let i be s(7). List the prime factors of n(i).
3
What are the prime factors of 0 + (-4)/(-10) - (-2904)/40?
73
Let a(t) = -t. Let v be a(-2). Suppose -3*f + 16 = -v*f. List the prime factors of f.
2
Suppose -3*v + 22 = -5*z, -3*v - 19 = v + 3*z. Let g(l) = -11*l + 1. What are the prime factors of g(v)?
2, 3
List the prime factors of (-6)/8 + (-633)/(-12).
2, 13
Let k(t) = 2*t + 2. Let z be k(2). Suppose -b + z = -0. What are the prime factors of (4/b)/(8/108)?
3
Suppose 0*p = p - 40. Suppose -2*d + p = 2*d + 2*v, 0 = -4*d + 3*v + 40. List the prime factors of d.
2, 5
Let c(j) = j - 3. What are the prime factors of c(7)?
2
Let k(o) = o**3 - 3*o**2 - 4*o + 4. Let q be k(3). Let l = -5 - q. Suppose -2*i + 13 = l*r, 0*r = -5*i - r + 65. What are the prime factors of i?
2, 7
Let y be 20/(-6)*3/2. Let h = 20 + y. What are the prime factors of h?
3, 5
Let z = 148 - 58. List the prime factors of z.
2, 3, 5
Let q = -2 - -4. Let h = q - -1. List the prime factors of h.
3
Suppose 2*o + 12 = 3*o. List the prime factors of (9 - o)*(-26)/6.
13
Let f = 47 + -21. Let o = f + -13. List the prime factors of o.
13
Let m(a) = -a**3 + 6*a**2 + 7*a - 9. Let s be m(7). Let i(b) = -2*b - 2. What are the prime factors of i(s)?
2
Let g be (-1)/((-15)/12 + 1). Suppose -f + 0*n + g*n = 0, -2*f = n. Let p(t) = t**3 - t**2 + 2. What are the prime factors of p(f)?
2
Suppose -4*a + 6 + 2 = 0. Suppose -7*n + 2*n - 10 = 0, -3*n + 84 = 2*j. Suppose -t + j = 4*h - 3, -h + 5 = a*t. What are the prime factors of h?
13
Let w = 10 + -8. Suppose -4*v + 12 = 2*r - 26, w*v - 34 = -2*r. List the prime factors of r.
3, 5
Let b be (1 + 5)/(1*2). Suppose -2*c = 4*m - 136, -2*m - b*c + 72 = -0*m. Suppose m = w + 2*w. What are the prime factors of w?
11
Suppose 0 = 5*v - 4*f - 14, v - 3 = -f + 2*f. Suppose v*y = 4*b - 7*b + 55, -5*b - y + 94 = 0. List the prime factors of b.
19
Let x(w) = 6*w**2 + 3*w - 7. List the prime factors of x(5).
2, 79
What are the prime factors of ((-77)/(-15) - 5) + 4269/45?
5, 19
Let b(f) be the third derivative of f**5/20 - f**4/8 + f**3/2 + 5*f**2. What are the prime factors of b(3)?
3, 7
Let a = -9 + 21. Suppose r + 2*r = -5*b + 63, 3*r + a = 0. List the prime factors of b.
3, 5
Let z(g) = -g**2 - 7*g - 7. Let h be z(-5). Suppose -5*n = -h*p + 21, n + 7 = 3*p - p. Let y = -1 - n. What are the prime factors of y?
2
Let g(o) = -o**2 - 7*o + 11. Let d = -6 + -2. List the prime factors of g(d).
3
Let u = -7 + 7. Suppose 2*h + 4 = u, 4*s - s - 29 = -5*h. Let i = -8 + s. List the prime factors of i.
5
Let k = -97 + 156. Suppose -4*c + 57 + k = 0. What are the prime factors of c?
29
Let n = 6 - 3. Suppose -n*p = 2*p. Suppose -2*l + 2 + 10 = p. List the prime factors of l.
2, 3
Suppose 1 + 3 = -4*r, -4*n + r = -693. What are the prime factors of n?
173
Suppose 691 = 4*a - 5*z, 3*a - 819 = 4*z - 301. List the prime factors of a.
2, 3, 29
Let u(b) = -5*b - 4. Let z(f) = 25*f + 21. Let v(s) = -11*u(s) - 2*z(s). List the prime factors of v(2).
2, 3
Suppose 0 = 9*u - 157 + 4. Suppose k + 105 = 4*k. Suppose -2*y - 3*w = -u, 4*y + 0*y = -5*w + k. What are the prime factors of y?
2, 5
Let n(f) = 5*f - 1. Let v be n(1). List the prime factors of (-1 - (-42)/v)*4.
2, 19
Let r = -9 - -40. Suppose -5*s = 2*v - r, 2*v + 0*v = -s + 27. List the prime factors of v.
13
Let x(u) be the third derivative of u**4/8 + u**3/6 - 6*u**2. List the prime factors of x(5).
2
Let d(q) = -11*q + 72. What are the prime factors of d(-14)?
2, 113
Suppose 85 = -5*c + 3*g, g - 50 = 5*c + 45. Let w be (-8 - -3)*(1 + 0). Let a = w - c. What are the prime factors of a?
3, 5
Let k(j) = -j**3 - 2*j**2 + 7*j + 7. Let a be k(-5). Let q = -24 + a. What are the prime factors